is -128 (base 13) in base 2?
-11001011
3221103 (base 5) to base 15
11253
What is 4197 (base 11) in base 2?
1010110101111
Convert 3000 (base 4) to base 7.
363
-3ba (base 15) to base 11
-703
Convert -1102122020 (base 3) to base 8.
-67007
What is -3d7 (base 16) in base 15?
-458
What is -66015 (base 7) in base 12?
-9650
Convert -24224 (base 5) to base 11.
-13aa
Convert -754 (base 8) to base 14.
-272
805 (base 9) to base 13
3b3
-3445 (base 16) to base 3
-200100121
Convert -830 (base 14) to base 13.
-96b
5152 (base 7) to base 13
a87
Convert 133 (base 4) to base 14.
23
What is 10415 (base 7) in base 6?
20025
516 (base 9) to base 8
644
989 (base 11) to base 15
541
11101010110 (base 2) to base 12
1106
22102 (base 3) to base 8
343
Convert -14 (base 12) to base 4.
-100
What is 1011000101010 (base 2) in base 6?
42134
Convert 1191 (base 10) to base 11.
993
-225 (base 8) to base 9
-175
Convert -15082 (base 10) to base 2.
-11101011101010
Convert -318 (base 10) to base 5.
-2233
-24354 (base 7) to base 14
-2464
What is 7134 (base 8) in base 13?
189a
What is -401101 (base 5) in base 16?
-316b
-83c6 (base 15) to base 9
-42186
Convert 2c9 (base 15) to base 8.
1177
What is -13020 (base 14) in base 13?
-18326
What is c2a (base 13) in base 3?
2211110
-c54 (base 14) to base 8
-4572
What is -1541 (base 9) in base 6?
-5231
24202 (base 10) to base 6
304014
-847 (base 10) to base 3
-1011101
48b (base 12) to base 5
10213
Convert 18024 (base 11) to base 10.
25315
2351 (base 6) to base 13
34c
What is -2544 (base 10) in base 15?
-b49
-2728 (base 14) to base 16
-1af0
21044 (base 6) to base 4
230110
What is -209 (base 11) in base 16?
-fb
5708 (base 9) to base 4
1001330
What is -231453 (base 6) in base 7?
-111552
Convert -5540 (base 15) to base 2.
-100011010001100
Convert 120202 (base 3) to base 14.
225
-120002 (base 3) to base 13
-254
What is 111310000 (base 4) in base 16?
15d00
What is 8a8 (base 12) in base 13?
776
What is 8363 (base 9) in base 2?
1011111110100
What is 10001110101110 (base 2) in base 9?
13468
Convert 224552 (base 7) to base 6.
505302
What is 111201 (base 3) in base 5?
2440
-227 (base 9) to base 7
-355
1121 (base 3) to base 13
34
-457 (base 13) to base 10
-748
Convert 2635 (base 8) to base 14.
749
What is -2121041 (base 5) in base 6?
-433335
What is 11010000100 (base 2) in base 15?
763
Convert 56 (base 9) to base 7.
102
-45520 (base 6) to base 5
-201311
What is 100000111110 (base 2) in base 4?
200332
What is -233404 (base 5) in base 12?
-4b90
Convert -1315 (base 6) to base 4.
-11033
Convert 913e (base 15) to base 7.
155246
Convert 2173 (base 10) to base 5.
32143
22a29 (base 11) to base 15
9c75
Convert -320221 (base 4) to base 2.
-111000101001
What is 5342 (base 6) in base 5?
14324
-77112 (base 9) to base 4
-30132302
Convert -120100 (base 3) to base 12.
-2a6
What is b636 (base 13) in base 6?
312442
What is -2304 (base 8) in base 5?
-14340
-31711 (base 8) to base 3
-200012000
Convert 111010011 (base 2) to base 11.
395
-20110 (base 5) to base 16
-500
What is 100331 (base 4) in base 6?
5005
What is 480 (base 10) in base 2?
111100000
Convert -384 (base 14) to base 8.
-1300
-7073 (base 11) to base 16
-24b5
30334 (base 6) to base 5
112033
Convert 2342 (base 5) to base 3.
110212
What is 100111001110101 (base 2) in base 4?
10321311
What is 114 (base 13) in base 4?
2322
What is 3b5 (base 15) in base 8?
1515
What is 32364 (base 10) in base 8?
77154
Convert 71 (base 10) to base 4.
1013
-220120202 (base 3) to base 9
-26522
22001011 (base 3) to base 15
1b0d
Convert 2010121 (base 3) to base 7.
4351
What is 12120120 (base 3) in base 5?
112230
-5650 (base 7) to base 15
-914
40b (base 15) to base 16
38f
347 (base 15) to base 13
451
What is -41163 (base 8) in base 6?
-210431
-313211 (base 4) to base 14
-1421
Convert -67 (base 13) to base 12.
-71
Convert -22371 (base 8) to base 7.
-36411
-617 (base 8) to base 7
-1110
What is -12130 (base 7) in base 12?
-19b1
What is 233 (base 15) in base 4?
13302
What is 110110010010110 (base 2) in base 13?
c864
Convert -939 (base 11) to base 3.
-1112220
Convert 102120112 (base 3) to base 9.
12515
What is ad4 (base 16) in base 4?
223110
What is 25043 (base 6) in base 9?
5060
Convert -124023 (base 5) to base 15.
-16ad
What is 559 (base 15) in base 4?
102321
-625c (base 16) to base 15
-76da
What is 23952 (base 12) in base 3?
2102212022
-122 (base 16) to base 10
-290
What is 384 (base 16) in base 8?
1604
-11344 (base 5) to base 15
-3b9
What is -1141 (base 5) in base 9?
-210
What is -1474 (base 12) in base 14?
-c2c
Convert -2010010010 (base 3) to base 8.
-121245
13402 (base 6) to base 13
c4a
What is 102112 (base 3) in base 5?
2221
20122011 (base 3) to base 7
20050
Convert -5557 (base 9) to base 6.
-30554
What is 14f (base 16) in base 4?
11033
What is -23300 (base 5) in base 11?
-1306
Convert -834 (base 12) to base 9.
-1564
What is -122020 (base 3) in base 6?
-2053
Convert 3b0 (base 15) to base 16.
348
What is a31 (base 11) in base 2?
10011011100
Convert -1a38 (base 12) to base 15.
-e42
Convert -106d (base 14) to base 3.
-10220020
What is 2364 (base 7) in base 13?
528
Convert 661 (base 7) to base 13.
1cc
What is 424 (base 9) in base 11?
295
-201101 (base 3) to base 13
-313
cdb (base 16) to base 15
e96
-37b (base 15) to base 10
-791
Convert 1772 (base 14) to base 8.
10170
What is 7585 (base 13) in base 12?
9551
110110011 (base 2) to base 4
12303
What is -326 (base 12) in base 3?
-122010
Convert 12954 (base 12) to base 10.
25552
What is 210 (base 15) in base 13?
29a
What is 614 (base 14) in base 7?
3324
Convert 1067 (base 8) to base 14.
2c7
What is 11665 (base 10) in base 5?
333130
What is -1816 (base 12) in base 2?
-101101010010
Convert 2a0 (base 16) to base 10.
672
What is -8808 (base 12) in base 14?
-5664
What is -442 (base 8) in base 11?
-244
Convert 23523 (base 7) to base 16.
17cd
Convert -39073 (base 10) to base 13.
-14a28
-1036 (base 12) to base 15
-7d0
What is -4545 (base 16) in base 9?
-26283
Convert -111001110 (base 2) to base 12.
-326
Convert -7610 (base 8) to base 10.
-3976
-402 (base 11) to base 10
-486
What is -6016 (base 7) in base 10?
-2071
467 (base 11) to base 5
4212
Convert -1120211 (base 3) to base 13.
-6ac
What is 1100000100100011 (base 2) in base 10?
49443
Convert 13880 (base 11) to base 13.
8c68
What is 2112 (base 6) in base 16?
1dc
-31200 (base 5) to base 3
-2210221
What is -2112000120 (base 3) in base 2?
-1100000110110011
Convert -2ed (base 16) to base 2.
-1011101101
Convert 1001202 (base 4) to base 16.
1062
Convert 1011211 (base 3) to base 14.
455
What is -9cb5 (base 15) in base 2?
-1000000111011101
Convert -169 (base 11) to base 13.
-121
What is 235 (base 9) in base 13?
11c
What is -33034 (base 7) in base 9?
-12284
What is 110000010 (base 2) in base 9?
468
-10101010100110 (base 2) to base 13
-4c7b
Convert -11664 (base 9) to base 16.
-1e9a
Convert -358 (base 9) to base 11.
-24a
Convert -1001010 (base 3) to base 14.
-3c3
-2237 (base 10) to base 3
-10001212
-23012101 (base 4) to base 7
-246346
Convert 11001001 (base 2) to base 3.
21110
Convert -100010100000000 (base 2) to base 12.
-a280
Convert 32120 (base 8) to base 14.
4c48
Convert -767b (base 14) to base 16.
-500d
Convert -2009 (base 15) to base 6.
-51143
Convert -7a3 (base 14) to base 13.
-8c7
What is -10010111 (base 2) in base 16?
-97
-1556 (base 14) to base 16
-ed8
73 (base 15) to base 11
99
Convert -4317 (base 10) to base 13.
-1c71
Convert 112220220 (base 3) to base 14.
3d70
-44a (base 15) to base 9
-1287
b41 (base 12) to base 8
3141
Convert -4c2 (base 14) to base 5.
-12304
-b37 (base 13) to base 15
-870
What is -100045 (base 6) in base 5?
-222210
-1a02 (base 15) to base 5
-140002
What is 229 (base 10) in base 11?
199
-133210 (base 6) to base 4
-3001212
100110110110 (base 2) to base 16
9b6
Convert 11212 (base 5) to base 13.
4a1
-10232 (base 4) to base 11
-255
What is 17502 (base 11) in base 6?
305421
What is 131111 (base 7) in base 8?
57532
-ea (base 15) to base 8
-334
What is 352 (base 6) in base 4?
2030
-101110101 (base 2) to base 10
-373
What is -2895 (base 10) in base 13?
-1419
What is -16a (base 16) in base 4?
-11222
Convert ef (base 16) to base 7.
461
Convert 155 (base 14) to base 4.
10033
2288 (base 9) to base 8
3244
Convert -627 (base 14) to base 8.
-2273
-100